ctors of p?
3, 11
Let l = -605 + 359. Let q = l - -348. What are the prime factors of q?
2, 3, 17
Let o be (-36)/(-6) + -5 - 1. Suppose -5*r = -3*s + 39, -5*r + o*r - 55 = -5*s. What are the prime factors of s?
2
Suppose 3*u - 3*o = 21081 + 6285, 3*o + 18245 = 2*u. What are the prime factors of u?
7, 1303
Let s be (-1258)/(-5) - (-9)/(135/6). Suppose -c - 5*p + s + 131 = 0, 2*p = -2. Suppose -5*z + c = -97. What are the prime factors of z?
97
Let d(y) = 1181*y**2 + 2*y + 1. Let v be d(-1). Suppose 5*u + 3*z = -v - 223, 5*u + 1401 = -z. Let f = 395 + u. What are the prime factors of f?
5, 23
Suppose -30*y = -21*y - 45. Suppose 3*h + 15*a - 403 = 10*a, 5*a = y*h - 645. List the prime factors of h.
131
Suppose -41*a - 3 = -2*j - 36*a, 5*j + 5*a = 25. What are the prime factors of j + 6 + -7 - -725?
2, 7, 13
Suppose -15*t - 662935 = -46*t. List the prime factors of t.
5, 7, 13, 47
Let v be (-8)/(-24)*-3 + 996. Suppose 17*y - 12*y - v = 0. What are the prime factors of y?
199
What are the prime factors of 66*(5 - 5815/(-20) - (-18)/24)?
3, 11, 593
Let o be (-1 + 3 - 2)*1. Suppose -r + o*x + 20 = 4*x, 27 = r - 3*x. List the prime factors of (r/(-9))/(28/(-462)).
2, 11
Let c = 2373 + 4193. What are the prime factors of c?
2, 7, 67
Suppose 5*v + 1 + 9 = 2*f, 5*f - 25 = 5*v. Let q = 362 - 190. Suppose 0 = -f*w + 10, -3*w + 71 = 3*h - q. What are the prime factors of h?
79
Let r = -10252 - -22478. List the prime factors of r.
2, 6113
Let g = -1159 - -17151. What are the prime factors of g?
2, 1999
Let n(x) = x**2 + 7*x + 13. Suppose -j - 20 = -17. Let v be n(j). Let g = v + 66. What are the prime factors of g?
67
Suppose -3*f + 1730 = 2*f - 2*c, 0 = -5*f + c + 1725. Suppose 2088 = 8*v - f. What are the prime factors of v?
2, 19
Let o be (0 - 0)/(-46 - -41). Let v = 6 + -3. Suppose 0 = -o*j + v*j - 657. What are the prime factors of j?
3, 73
Suppose 0 = 2*a + 23 - 33, 4*q - 963 = a. Suppose -83 = -y + q. What are the prime factors of y?
5, 13
Suppose -4428 = -2*r + 20*r. Let n = 584 + r. What are the prime factors of n?
2, 13
Let n be ((-136)/(-40) - 2)*(1 + 184). Let b = 698 - n. What are the prime factors of b?
439
Suppose 5*m + o - 5 = 5*o, -5*o - 3 = -3*m. Let x(s) = 323*s - 1. What are the prime factors of x(m)?
2, 7, 23
Let w = 876 - -44. Let h = 4 + -16. What are the prime factors of (w/12)/((-8)/h)?
5, 23
Let c(d) be the third derivative of -221*d**4/24 + 7*d**3/2 + 83*d**2 - 2. List the prime factors of c(-6).
3, 449
Let t be 1 + 7 + (0 - 4). Suppose -4*i + 234 = -2*c, t*i + c = 188 + 43. What are the prime factors of i?
2, 29
Let d = -181 - -196. Suppose d*r = 6790 + 3980. List the prime factors of r.
2, 359
Suppose -4*p + 4*k + 154588 = 0, -174*p - 4*k = -170*p - 154596. List the prime factors of p.
2, 4831
Let x(l) = -l**2 + 14*l - 21. Let g be x(12). Suppose -5*n - 29 = -g*a - a, 4*a - 19 = -5*n. What are the prime factors of (3/(-2))/(1267/(-210) + a)?
3, 5
Let m(p) = 157 + 23*p - 196 + p. Let t be m(5). List the prime factors of 312*((t/12)/(-3) - -3).
2, 3, 13
Let q be (0 - (-2 - 0))*(-12 + 17). Suppose q*c - 9 = 7*c. Suppose -4*p + g = -874, p - c*p = -g - 436. List the prime factors of p.
3, 73
Suppose 3*l + 4*w + 1438 = 8*w, 2*l - 3*w = -960. Let u = 1609 + l. List the prime factors of u.
5, 227
Let z = 93 + -89. Suppose -5*g - 15 = 0, -2*d - z*g + 3061 = -g. Suppose 8*c - d - 305 = 0. What are the prime factors of c?
2, 5, 23
Let b(j) = -3*j**2 + 18*j + 46. Let x(a) = a**2. Let k(g) = b(g) + 4*x(g). What are the prime factors of k(20)?
2, 13, 31
Let p = -29 - -45. Suppose 4*i - 5*w = i + p, -w + 1 = -2*i. List the prime factors of (i - -5)*(13 + 1).
2, 7
Suppose -2*y + 928 = -3*u, 5*y + u + 227 = 2513. Suppose -y = -3*f + 5*p, 0 = 5*f + p - 205 - 549. What are the prime factors of f?
151
Suppose -1803 = -5*x - f + 1920, -5*x + f = -3717. Suppose 4*h - 764 = 2*g - 6*g, -4*h + x = -g. What are the prime factors of h?
11, 17
Suppose -96 = -6*w - 2*w. Let u = w + -9. Suppose 0 = -0*r - u*r + 123. What are the prime factors of r?
41
Suppose -9538 = 42*l - 62248. List the prime factors of l.
5, 251
Let b(v) be the third derivative of -v**6/120 + v**5/60 - 5*v**4/24 + 4*v**3/3 - 9*v**2. Let g be b(4). Let o = g + 120. What are the prime factors of o?
2, 3, 5
Let b = 3788 + -812. List the prime factors of b.
2, 3, 31
Let i(c) = 32*c**2 + c + 12. Let x(d) = d**3 + 27*d**2 - 56*d + 54. Let p be x(-29). List the prime factors of i(p).
2, 5, 13
Let o(a) = 107*a**3 + 17*a**2 - 13*a - 4. What are the prime factors of o(4)?
2, 883
Let v = 23259 - -8702. What are the prime factors of v?
31, 1031
Let r(p) = 9*p - 54. Let m be r(7). Suppose -o - m = -13. What are the prime factors of (o/22)/(-1) + 6045/33?
3, 61
Suppose 0 = -21*g + 401 + 15517. Let y = 1358 - g. What are the prime factors of y?
2, 3, 5
Suppose -i = 4*o - 24 + 67, -i + 5*o = 16. Let z = 110 + i. Suppose 5*x + u - 1078 = 0, -x = -5*u - 279 + z. List the prime factors of x.
5, 43
Let j = 5502 - -15549. What are the prime factors of j?
3, 2339
Let b = 724 - 1235. What are the prime factors of b*(-1 - (-1)/7)?
2, 3, 73
Suppose -t + 256 = 7*t. Suppose -5*c = 3*u - 1599, -3*u = t*c - 29*c - 957. What are the prime factors of c?
3, 107
Suppose 9 = -3*d, -5*x + 0*x + 5*d = -45. Suppose 355 = x*s + 67. List the prime factors of s.
2, 3
Let i = -20 + 34. Let t = i + -12. Suppose 0 = 3*b + t*b - 445. List the prime factors of b.
89
Let h = -58682 + 84252. List the prime factors of h.
2, 5, 2557
Let m = 18 + -16. Suppose 5*f = f + m*r - 8, 3*r - 12 = 2*f. Suppose 5*v - 118 - 237 = f. List the prime factors of v.
71
Suppose 7*b - 25 = -4. Suppose 104 = b*s + 50. Suppose 0 = q + s - 62. List the prime factors of q.
2, 11
What are the prime factors of 695836/108 - 7 - 2 - 10/(-135)?
2, 3217
Let a(i) = -i**3 + 70*i**2 - 471*i - 80. List the prime factors of a(48).
2, 5, 7
Let v(k) = -k**3 - 10*k**2 + 12*k - 7. Suppose r + 4*b + 15 = 0, -14 - 15 = 3*r - 4*b. Let u be v(r). List the prime factors of (-2416)/(-18) - (-4)/u.
2, 67
Let b be (-2 - -1) + 1 + -36. Let r = b - -41. Suppose -444 = -5*s + r*w + 16, s + 5*w = 98. List the prime factors of s.
3, 31
Suppose -43*y + 80 = -23*y. What are the prime factors of 414 + (2 - 3)*y?
2, 5, 41
Suppose 4*t - 4*f - 16988 = 8*t, 4*t = 2*f - 16994. Let k be (-2)/3 + t/27. Let m = 232 + k. What are the prime factors of m?
2, 37
Let r = -92 + 55. Let b = 33 + r. What are the prime factors of (-1326)/b*(-34)/(-51)?
13, 17
Let r(f) = 5*f**2 + f - 15. Let q be r(4). Let m = q + -59. Suppose 3*v = m*v - 987. What are the prime factors of v?
3, 47
Suppose 3*k - 6118 = -h, 5*h + 36*k - 33*k - 30638 = 0. What are the prime factors of h?
2, 5, 613
Suppose 4*m + 12999 - 57659 = -4*x, 4*x - 44660 = -3*m. List the prime factors of x.
5, 7, 11, 29
Let o be 26/(-104) - (-1318)/(-8). Let c = o + 307. What are the prime factors of c?
2, 71
Suppose 5*d - 60 = -2*y, 5*d - y - 75 = -6*y. Suppose -s + 147 = -3*l, 14*l = 2*s + 15*l - 308. Suppose 7*j + s = d*j. What are the prime factors of j?
3, 17
Let q(d) = 2*d**2 + 30*d + 88. Let j be q(-11). Suppose -30*x + 10*x + 3860 = j. What are the prime factors of x?
193
Let d(h) = -1123*h + 2828. List the prime factors of d(-25).
3, 10301
Suppose 5*p - 10827 = 11*d - 13*d, 2*d - p = 10833. What are the prime factors of 4 + d/7 - (-6)/21?
2, 389
Suppose 2*q = 521 + 1001. Suppose 5*m - q = 189. Let f = -83 + m. What are the prime factors of f?
107
Let r(c) = -51*c**2 + 8*c - 9. Let b(d) = -105*d**2 + 16*d - 18. Let k(z) = 4*b(z) - 9*r(z). List the prime factors of k(3).
2, 3, 7
Let r(s) = -505*s - 1101. List the prime factors of r(-14).
47, 127
Let a(n) = 26*n**3 - 2*n**2 + 3*n - 2. Let y = -18 + 26. Let o = y + -7. What are the prime factors of a(o)?
5
Let f be (294/4)/7*(-6292)/(-33). Suppose -31*b + f = -18*b. What are the prime factors of b?
2, 7, 11
Suppose -2*s + 125632 = 4*l, 5*l - 401*s + 399*s = 157031. What are the prime factors of l?
3, 19, 29
Let j(n) = 1 + 2 - 5*n - n**2 - 5 + 6. Let c be j(-5). Suppose c*l - 10 = 442. What are the prime factors of l?
113
Let g = 5 - 0. Let y be 35 + -31 - (-1 + 0). Suppose y*c - h - 52 = 2*c, 105 = g*c + 2*h. What are the prime factors of c?
19
Let a = 155 - 170. List the prime factors of (1